{"id":145,"date":"2013-11-24T00:22:55","date_gmt":"2013-11-24T00:22:55","guid":{"rendered":"https:\/\/desidades.ufrj.br\/desidades_dev\/?page_id=145"},"modified":"2023-05-19T10:33:09","modified_gmt":"2023-05-19T13:33:09","slug":"presentacion","status":"publish","type":"page","link":"https:\/\/desidades.ufrj.br\/es\/presentacion\/","title":{"rendered":"Sobre nosotros"},"content":{"rendered":"<h2>Contacto<\/h2>\n<p><b>Email:<\/b><a href=\"mailto:revistadesidades@gmail.com\"> revistadesidades@gmail.com<\/a><\/p>\n<p><b>Direcci\u00f3n:<\/b><br \/>\nNIPIAC \u2013 N\u00facleo Interdisciplinar de Pesquisa para a Inf\u00e2ncia e Adolesc\u00eancia Contempor\u00e2neas<br \/>\nUniversidade Federal do Rio de Janeiro<br \/>\nCampus da Praia Vermelha<br \/>\nAv. Pasteur 250 &#8211; Pr\u00e9dio da Decania do CFCH<br \/>\nRio de Janeiro CEP 22290 902<br \/>\nBrasil<\/p>\n<h2>Enfoque y alcance<\/h2>\n<p>DESIDADES es una revista cient\u00edfica electr\u00f3nica en el \u00e1rea de la infancia y juventud latinoamericanas, con periodicidad cuatrimestral. Publica textos en portugu\u00e9s o espa\u00f1ol. Es una publicaci\u00f3n del N\u00facleo Interdisciplinar de Pesquisa para a Inf\u00e2ncia e Adolesc\u00eancia Contempor\u00e2neas, NIPIAC, de la Universidade Federal do Rio de Janeiro. Est\u00e1 comprometida en divulgar la investigaci\u00f3n cient\u00edfica mas all\u00e1 de los muros de la Universidad estableciendo un di\u00e1logo con investigadores, profesionales, estudiantes y dem\u00e1s interesados en el \u00e1rea de la infancia y la juventud.<\/p>\n<p>La Revista publica originales in\u00e9ditos de art\u00edculos, entrevistas y rese\u00f1as desde un abordaje multidisciplinario de la infancia y la juventud.<\/p>\n<h2>Objetivo<\/h2>\n<p>La revista tiene como objetivo constituirse como un medio electr\u00f3nico de discusi\u00f3n cient\u00edfica y di\u00e1logo acad\u00e9mico sobre los ni\u00f1os y los j\u00f3venes en el contexto del subcontinente latinoamericano. Pretende promover un espacio de debates y difusi\u00f3n de reflexiones sobre los desaf\u00edos y las cuestiones de vivir la infancia y la juventud en el momento contempor\u00e1neo de estas sociedades.<\/p>\n<p>El t\u00edtulo de esta revista \u2013 DESIDADES- fue acu\u00f1ado para significar la perspectiva te\u00f3rica, \u00e9tica y pol\u00edtica que sustenta su praxis editorial. Se asume que las edades, con criterios fijos que naturalizan comportamientos, habilidades y modos de existencia de acuerdo con una temporalizaci\u00f3n biogr\u00e1fica linear, precisan ser problematizadas de modo que permitan nuevos abordajes y conceptos sobre las relaciones entre los grupos generacionales.<\/p>\n<h2>Fuentes de indexaci\u00f3n<\/h2>\n<ul>\n<li style=\"list-style-type: none;\">\n<ul>\n<li>ADOLEC BRASIL (BVS)<\/li>\n<li>CLASE &#8211; Citas Latinoamericanas en Ciencias Sociales y Humanidades<\/li>\n<li>CAPES PERI\u00d3DICOS<\/li>\n<li>DIADORIM Instituto Brasileiro de Informa\u00e7\u00e3o em Ci\u00eancia e Tecnologia (IBICT)<\/li>\n<li>DIALNET<\/li>\n<li>DOAJ Directory of Open Access Journals<\/li>\n<li>EDUBASE<\/li>\n<li>ERIHPLUS &#8211; European Reference Index for the Humanities and Social Sciences<\/li>\n<li>Google acad\u00eamico<\/li>\n<li>LATINDEX Sistema Regional de Informaci\u00f3n en L\u00ednea para Revistas Cient\u00edficas de Am\u00e9rica Latina, el Caribe, Espa\u00f1a y Portugal<\/li>\n<li>LIVRE<\/li>\n<li>MIAR &#8211; Matrix de Informaci\u00f3n para el An\u00e1lisis de Revistas<\/li>\n<li>PEPSIC Peri\u00f3dicos Eletr\u00f4nicos em Psicologia<\/li>\n<li>REDIB &#8211; Rede Ibero-americana de Inova\u00e7\u00e3o e Conhecimento Cient\u00edfico<\/li>\n<li>SHERPA ROMEO<\/li>\n<li>Sum\u00e1rios.org &#8211; Sum\u00e1rios de Revistas Brasileiras<\/li>\n<\/ul>\n<\/li>\n<\/ul>\n<h2>Divulgaci\u00f3n<\/h2>\n<p><a href=\"https:\/\/www.facebook.com\/revistadesidades\/\" target=\"blank\" rel=\"noopener noreferrer\">https:\/\/www.facebook.com\/revistadesidades\/<\/a><\/p>\n<p><a href=\"https:\/\/www.instagram.com\/revistadesidades\/\">https:\/\/www.instagram.com\/revistadesidades\/<\/a><\/p>\n<p><a href=\"https:\/\/www.youtube.com\/channel\/UCP5caXXyAyhVFSdmnhbs2SA\">https:\/\/www.youtube.com\/channel\/UCP5caXXyAyhVFSdmnhbs2SA<\/a><\/p>\n<h2>Periodicidad<\/h2>\n<p>Entre 2013 y 2019 la periodicidad de la revista fue trimestral. A partir de 2020 la periodicidad pasa a ser cuatrimestral.<\/p>\n<h2>Pol\u00edtica de libre acceso<\/h2>\n<p>DESIDADES ofrece acceso libre e inmediato a su contenido seg\u00fan el principio de proporcionar gratuitamente el conocimiento cient\u00edfico al p\u00fablico y democratizar su acceso.<\/p>\n<h2>\u00c9tica y buenas pr\u00e1cticas de publicaci\u00f3n<\/h2>\n<p>Toda decisi\u00f3n editorial est\u00e1 fundamentada en la originalidad, pertinencia y clareza del texto que configuran una contribuci\u00f3n singular al conocimiento del \u00e1rea de la infancia y la juventud. Las decisiones editoriales se basan en las normas y pol\u00edticas editoriales de la Revista teniendo en cuenta el cumplimiento de su enfoque, alcance y objetivos.<\/p>\n<h2>Propiedad intelectual<\/h2>\n<p>Todo el contenido de la Revista est\u00e1 licenciado sobre la Licencia Creative Commons BY NCND 4.0.<\/p>\n<h2>Pol\u00edtica de privacidad<\/h2>\n<p>Los nombres, direcciones y e-mails informados en este peri\u00f3dico ser\u00e1n usados exclusivamente para los servicios prestados por esta publicaci\u00f3n, no estando disponibles para otras finalidades y terceros.<\/p>\n<h2>Auto-archivo<\/h2>\n<p>La Revista DESIDADES incentiva a los autores a que divulguen sus art\u00edculos con el fin de promover una mayor circulaci\u00f3n y diseminaci\u00f3n de sus contenidos, aumentando el alcance de sus publicaciones en la comunidad cient\u00edfica y junto al p\u00fablico en general. Para esto, los autores se comprometen a publicar solamente la versi\u00f3n finalizada del art\u00edculo, ya disponibilizada por la revista, en formato PDF. Los autores no est\u00e1n autorizados a incluir en repositorios tem\u00e1ticos, institucionales o en cualquier otra fuente la versi\u00f3n preliminar del trabajo (antes o durante el proceso de evaluaci\u00f3n por pares).<\/p>\n<h2>Archivo<\/h2>\n<p>Esta revista utiliza el sistema LOCKSS para crear un sistema de archivo distribuido entre las bibliotecas participantes y permite a las mismas crear archivos permanentes de la revista para su preservaci\u00f3n y restauraci\u00f3n.<\/p>\n<h2>Abreviatura<\/h2>\n<p>El t\u00edtulo de la revista <i>DESIDADES Revista Cient\u00edfica de la Infancia, Adolescencia y Juventud<\/i>\u00a0puede ser abreviado como <i>DESIDADES<\/i>.<\/p>\n<h2>Ficha de cat\u00e1logo<\/h2>\n<p><img loading=\"lazy\" decoding=\"async\" src=\"https:\/\/desidades.ufrj.br\/wp-content\/uploads\/image.png\" alt=\"\" width=\"509\" height=\"415\" class=\"alignnone size-full wp-image-3888\" srcset=\"https:\/\/desidades.ufrj.br\/wp-content\/uploads\/image.png 509w, https:\/\/desidades.ufrj.br\/wp-content\/uploads\/image-300x245.png 300w\" sizes=\"auto, (max-width: 509px) 100vw, 509px\" \/><\/p>\n","protected":false},"excerpt":{"rendered":"<p>Contacto Email: revistadesidades@gmail.com Direcci\u00f3n: NIPIAC \u2013 N\u00facleo Interdisciplinar de Pesquisa para a Inf\u00e2ncia e Adolesc\u00eancia Contempor\u00e2neas Universidade Federal do Rio de Janeiro Campus da Praia Vermelha Av. Pasteur 250 &#8211; Pr\u00e9dio da Decania do CFCH Rio de Janeiro CEP 22290 902 Brasil Enfoque y alcance DESIDADES es una revista cient\u00edfica electr\u00f3nica en el \u00e1rea de [&hellip;]<\/p>\n","protected":false},"author":1,"featured_media":0,"parent":0,"menu_order":0,"comment_status":"closed","ping_status":"closed","template":"","meta":{"_acf_changed":false,"_monsterinsights_skip_tracking":false,"_monsterinsights_sitenote_active":false,"_monsterinsights_sitenote_note":"","_monsterinsights_sitenote_category":0,"footnotes":""},"class_list":["post-145","page","type-page","status-publish","hentry"],"acf":[],"_links":{"self":[{"href":"https:\/\/desidades.ufrj.br\/es\/wp-json\/wp\/v2\/pages\/145","targetHints":{"allow":["GET"]}}],"collection":[{"href":"https:\/\/desidades.ufrj.br\/es\/wp-json\/wp\/v2\/pages"}],"about":[{"href":"https:\/\/desidades.ufrj.br\/es\/wp-json\/wp\/v2\/types\/page"}],"author":[{"embeddable":true,"href":"https:\/\/desidades.ufrj.br\/es\/wp-json\/wp\/v2\/users\/1"}],"replies":[{"embeddable":true,"href":"https:\/\/desidades.ufrj.br\/es\/wp-json\/wp\/v2\/comments?post=145"}],"version-history":[{"count":11,"href":"https:\/\/desidades.ufrj.br\/es\/wp-json\/wp\/v2\/pages\/145\/revisions"}],"predecessor-version":[{"id":3892,"href":"https:\/\/desidades.ufrj.br\/es\/wp-json\/wp\/v2\/pages\/145\/revisions\/3892"}],"wp:attachment":[{"href":"https:\/\/desidades.ufrj.br\/es\/wp-json\/wp\/v2\/media?parent=145"}],"curies":[{"name":"wp","href":"https:\/\/api.w.org\/{rel}","templated":true}]}}

<h2>Contacto</h2>
<p><b>Email:</b><a href="mailto:revistadesidades@gmail.com"> revistadesidades@gmail.com</a></p>
<p><b>Dirección:</b><br />
NIPIAC – Núcleo Interdisciplinar de Pesquisa para a Infância e Adolescência Contemporâneas<br />
Universidade Federal do Rio de Janeiro<br />
Campus da Praia Vermelha<br />
Av. Pasteur 250 &#8211; Prédio da Decania do CFCH<br />
Rio de Janeiro CEP 22290 902<br />
Brasil</p>
<h2>Enfoque y alcance</h2>
<p>DESIDADES es una revista científica electrónica en el área de la infancia y juventud latinoamericanas, con periodicidad cuatrimestral. Publica textos en portugués o español. Es una publicación del Núcleo Interdisciplinar de Pesquisa para a Infância e Adolescência Contemporâneas, NIPIAC, de la Universidade Federal do Rio de Janeiro. Está comprometida en divulgar la investigación científica mas allá de los muros de la Universidad estableciendo un diálogo con investigadores, profesionales, estudiantes y demás interesados en el área de la infancia y la juventud.</p>
<p>La Revista publica originales inéditos de artículos, entrevistas y reseñas desde un abordaje multidisciplinario de la infancia y la juventud.</p>
<h2>Objetivo</h2>
<p>La revista tiene como objetivo constituirse como un medio electrónico de discusión científica y diálogo académico sobre los niños y los jóvenes en el contexto del subcontinente latinoamericano. Pretende promover un espacio de debates y difusión de reflexiones sobre los desafíos y las cuestiones de vivir la infancia y la juventud en el momento contemporáneo de estas sociedades.</p>
<p>El título de esta revista – DESIDADES- fue acuñado para significar la perspectiva teórica, ética y política que sustenta su praxis editorial. Se asume que las edades, con criterios fijos que naturalizan comportamientos, habilidades y modos de existencia de acuerdo con una temporalización biográfica linear, precisan ser problematizadas de modo que permitan nuevos abordajes y conceptos sobre las relaciones entre los grupos generacionales.</p>
<h2>Fuentes de indexación</h2>
<ul>
<li style="list-style-type: none;">
<ul>
<li>ADOLEC BRASIL (BVS)</li>
<li>CLASE &#8211; Citas Latinoamericanas en Ciencias Sociales y Humanidades</li>
<li>CAPES PERIÓDICOS</li>
<li>DIADORIM Instituto Brasileiro de Informação em Ciência e Tecnologia (IBICT)</li>
<li>DIALNET</li>
<li>DOAJ Directory of Open Access Journals</li>
<li>EDUBASE</li>
<li>ERIHPLUS &#8211; European Reference Index for the Humanities and Social Sciences</li>
<li>Google acadêmico</li>
<li>LATINDEX Sistema Regional de Información en Línea para Revistas Científicas de América Latina, el Caribe, España y Portugal</li>
<li>LIVRE</li>
<li>MIAR &#8211; Matrix de Información para el Análisis de Revistas</li>
<li>PEPSIC Periódicos Eletrônicos em Psicologia</li>
<li>REDIB &#8211; Rede Ibero-americana de Inovação e Conhecimento Científico</li>
<li>SHERPA ROMEO</li>
<li>Sumários.org &#8211; Sumários de Revistas Brasileiras</li>
</ul>
</li>
</ul>
<h2>Divulgación</h2>
<p><a href="https://www.facebook.com/revistadesidades/" target="blank" rel="noopener noreferrer">https://www.facebook.com/revistadesidades/</a></p>
<p><a href="https://www.instagram.com/revistadesidades/">https://www.instagram.com/revistadesidades/</a></p>
<p><a href="https://www.youtube.com/channel/UCP5caXXyAyhVFSdmnhbs2SA">https://www.youtube.com/channel/UCP5caXXyAyhVFSdmnhbs2SA</a></p>
<h2>Periodicidad</h2>
<p>Entre 2013 y 2019 la periodicidad de la revista fue trimestral. A partir de 2020 la periodicidad pasa a ser cuatrimestral.</p>
<h2>Política de libre acceso</h2>
<p>DESIDADES ofrece acceso libre e inmediato a su contenido según el principio de proporcionar gratuitamente el conocimiento científico al público y democratizar su acceso.</p>
<h2>Ética y buenas prácticas de publicación</h2>
<p>Toda decisión editorial está fundamentada en la originalidad, pertinencia y clareza del texto que configuran una contribución singular al conocimiento del área de la infancia y la juventud. Las decisiones editoriales se basan en las normas y políticas editoriales de la Revista teniendo en cuenta el cumplimiento de su enfoque, alcance y objetivos.</p>
<h2>Propiedad intelectual</h2>
<p>Todo el contenido de la Revista está licenciado sobre la Licencia Creative Commons BY NCND 4.0.</p>
<h2>Política de privacidad</h2>
<p>Los nombres, direcciones y e-mails informados en este periódico serán usados exclusivamente para los servicios prestados por esta publicación, no estando disponibles para otras finalidades y terceros.</p>
<h2>Auto-archivo</h2>
<p>La Revista DESIDADES incentiva a los autores a que divulguen sus artículos con el fin de promover una mayor circulación y diseminación de sus contenidos, aumentando el alcance de sus publicaciones en la comunidad científica y junto al público en general. Para esto, los autores se comprometen a publicar solamente la versión finalizada del artículo, ya disponibilizada por la revista, en formato PDF. Los autores no están autorizados a incluir en repositorios temáticos, institucionales o en cualquier otra fuente la versión preliminar del trabajo (antes o durante el proceso de evaluación por pares).</p>
<h2>Archivo</h2>
<p>Esta revista utiliza el sistema LOCKSS para crear un sistema de archivo distribuido entre las bibliotecas participantes y permite a las mismas crear archivos permanentes de la revista para su preservación y restauración.</p>
<h2>Abreviatura</h2>
<p>El título de la revista <i>DESIDADES Revista Científica de la Infancia, Adolescencia y Juventud</i> puede ser abreviado como <i>DESIDADES</i>.</p>
<h2>Ficha de catálogo</h2>
<p><img loading="lazy" decoding="async" src="https://desidades.ufrj.br/wp-content/uploads/image.png" alt="" width="509" height="415" class="alignnone size-full wp-image-3888" srcset="https://desidades.ufrj.br/wp-content/uploads/image.png 509w, https://desidades.ufrj.br/wp-content/uploads/image-300x245.png 300w" sizes="auto, (max-width: 509px) 100vw, 509px" /></p>

<p>Contacto Email: revistadesidades@gmail.com Dirección: NIPIAC – Núcleo Interdisciplinar de Pesquisa para a Infância e Adolescência Contemporâneas Universidade Federal do Rio de Janeiro Campus da Praia Vermelha Av. Pasteur 250 &#8211; Prédio da Decania do CFCH Rio de Janeiro CEP 22290 902 Brasil Enfoque y alcance DESIDADES es una revista científica electrónica en el área de [&hellip;]</p>
