{"id":150,"date":"2013-10-24T22:22:59","date_gmt":"2013-10-24T22:22:59","guid":{"rendered":"https:\/\/desidades.ufrj.br\/desidades_dev\/?page_id=150"},"modified":"2021-08-17T12:36:23","modified_gmt":"2021-08-17T15:36:23","slug":"conselho-cientifico-nacional","status":"publish","type":"page","link":"https:\/\/desidades.ufrj.br\/es\/conselho-cientifico-nacional\/","title":{"rendered":"Conselho Cient\u00edfico Nacional"},"content":{"rendered":"<ul>\n<li>Alfredo Veiga-Neto \u2013 Universidade Federal do Rio Grande do Sul, Brasil.<\/li>\n<li>Alexandre Sim\u00e3o de Freitas \u2013 Universidade Federal de Pernambuco, Brasil.<\/li>\n<li>Ana Cristina Coll Delgado &#8211; Universidade Federal de Pelotas, Brasil.<\/li>\n<li>Ana Maria Monteiro &#8211; Universidade Federal do Rio de Janeiro, Brasil.<\/li>\n<li>Angela Alencar de Araripe Pinheiro &#8211; Universidade Federal do Cear\u00e1, Brasil.<\/li>\n<li>Angela Maria de Oliveira Almeida &#8211; Universidade de Brasilia, Brasil.<\/li>\n<li>Anna Paula Uziel &#8211; Universidade Estadual do Rio de Janeiro, Brasil.<\/li>\n<li>Carmem Lucia Sussel Mariano &#8211; Universidade Federal de Mato Grosso, Brasil.<\/li>\n<li>Clarice Cassab &#8211; Universidade Federal de Juiz de Fora, Brasil.<\/li>\n<li>Claudia Mayorga &#8211; Universidade Federal de Minas Gerais, Brasil.<\/li>\n<li>Cristiana Carneiro &#8211; Universidade Federal do Rio de Janeiro, Brasil.<\/li>\n<li>Diana Dadoorian &#8211; Universidade Federal do Rio de Janeiro, Brasil.<\/li>\n<li>Dorian Monica Arpini &#8211; Universidade Federal de Santa Maria, Brasil.<\/li>\n<li>Elisete Tomazetti &#8211; Universidade Federal de Santa Maria, Brasil.<\/li>\n<li>Fernanda Costa-Moura &#8211; Universidade Federal do Rio de Janeiro, Brasil.<\/li>\n<li>Flavia Pires &#8211; Universidade Federal da Para\u00edba, Brasil.<\/li>\n<li>Gizele de Souza &#8211; Universidade Federal do Paran\u00e1, Brasil.<\/li>\n<li>Helo\u00edsa Helena Pimenta Rocha &#8211; Universidade Estadual de Campinas, Brasil.<\/li>\n<li>Iolete Ribeiro da Silva &#8211; Universidade Federal do Amazonas, Brasil.<\/li>\n<li>Jader Janer Moreira Lopes &#8211; Universidade Federal Fluminense, Brasil.<\/li>\n<li>Jaileila de Ara\u00fajo Menezes &#8211; Universidade Federal de Pernambuco, Brasil.<\/li>\n<li>Jailson de Souza e Silva &#8211; Universidade Federal Fluminense, Brasil.<\/li>\n<li>Jane Felipe Beltr\u00e3o &#8211; Universidade Federal do Par\u00e1, Brasil.<\/li>\n<li>Juarez Dayrell &#8211; Universidade Federal de Minas Gerais, Brasil.<\/li>\n<li>Juliana Prates Santana &#8211; Universidade Federal da Bahia, Brasil.<\/li>\n<li>Leandro de Lajonqui\u00e8re &#8211; Universidade de S\u00e3o Paulo, Brasil\/Universit\u00e9 Paris 8 Vincennes Saint-Denis<\/li>\n<li>Leila Maria Amaral Ribeiro &#8211; Universidade Federal do Rio de Janeiro, Brasil.<\/li>\n<li>Lila Cristina Xavier Luz &#8211; Universidade Federal do Piau\u00ed, Brasil.<\/li>\n<li>Marcos Cezar de Freitas &#8211; Universidade Federal de S\u00e3o Paulo, Brasil.<\/li>\n<li>Marcos Ribeiro Mesquita &#8211; Universidade Federal de Alagoas, Brasil.<\/li>\n<li>Maria Alice Nogueira &#8211; Universidade Federal de Minas Gerais, Brasil.<\/li>\n<li>Maria Aparecida Morgado &#8211; Universidade Federal de Mato Grosso, Brasil.<\/li>\n<li>Maria Cristina Soares de Gouvea &#8211; Universidade Federal de Minas Gerais, Brasil.<\/li>\n<li>Maria Helena Oliva Augusto &#8211; Universidade de S\u00e3o Paulo, Brasil.<\/li>\n<li>Maria Ignez Costa Moreira &#8211; Pontif\u00edcia Universidade Cat\u00f3lica de Minas Gerais, Brasil.<\/li>\n<li>Maria Let\u00edcia Nascimento &#8211; Universidade de S\u00e3o Paulo, Brasil.<\/li>\n<li>Maria Lucia Pinto Leal &#8211; Universidade de Bras\u00edlia, Brasil.<\/li>\n<li>Marlos Alves Bezerra &#8211; Universidade Federal do Rio Grande do Norte, Brasil.<\/li>\n<li>Marta Rezende Cardoso &#8211; Universidade Federal do Rio de Janeiro, Brasil.<\/li>\n<li>Mirela Figueiredo Iriart &#8211; Universidade Estadual de Feira de Santana, Brasil.<\/li>\n<li>Myriam Moraes Lins de Barros &#8211; Universidade Federal do Rio de Janeiro, Brasil.<\/li>\n<li>Nair Teles &#8211; Funda\u00e7\u00e3o Oswaldo Cruz\/Universidade Eduardo Mondlane, Brasil.<\/li>\n<li>Patr\u00edcia Pereira Cava &#8211; Universidade Federal de Pelotas, Brasil.<\/li>\n<li>Rita de Cassia Fazzi &#8211; Pontif\u00edcia Universidade Cat\u00f3lica de Minas Gerais, Brasil.<\/li>\n<li>Rita de Cassia Marchi &#8211; Universidade Regional de Blumenau, Brasil.<\/li>\n<li>Rosa Maria Bueno Fischer &#8211; Universidade Federal do Rio Grande do Sul, Brasil.<\/li>\n<li>Ros\u00e2ngela Francischini &#8211; Universidade Federal do Rio Grande do Norte, Brasil.<\/li>\n<li>Silvia Pereira da Cruz Benetti &#8211; Universidade do Vale do Rio dos Sinos, Brasil.<\/li>\n<li>Solange Jobim e Sousa &#8211; Pontif\u00edcia Universidade Cat\u00f3lica do Rio de Janeiro, Brasil.<\/li>\n<li>Sonia Margarida Gomes Sousa &#8211; Pontif\u00edcia Universidade Cat\u00f3lica de Goi\u00e1s, Brasil.<\/li>\n<li>Telma Regina de Paula Souza &#8211; Universidade Metodista de Piracicaba, Brasil.<\/li>\n<li>Vera Maria Ramos de Vasconcellos &#8211; Universidade Estadual do Rio de Janeiro, Brasil.<\/li>\n<li>Veronica Salgueiro do Nascimento &#8211; Universidade Federal do Cear\u00e1, Brasil.<\/li>\n<\/ul>\n","protected":false},"excerpt":{"rendered":"<p>Alfredo Veiga-Neto \u2013 Universidade Federal do Rio Grande do Sul, Brasil. Alexandre Sim\u00e3o de Freitas \u2013 Universidade Federal de Pernambuco, Brasil. Ana Cristina Coll Delgado &#8211; Universidade Federal de Pelotas, Brasil. Ana Maria Monteiro &#8211; Universidade Federal do Rio de Janeiro, Brasil. Angela Alencar de Araripe Pinheiro &#8211; Universidade Federal do Cear\u00e1, Brasil. Angela Maria [&hellip;]<\/p>\n","protected":false},"author":1,"featured_media":0,"parent":0,"menu_order":0,"comment_status":"closed","ping_status":"closed","template":"","meta":{"_acf_changed":false,"_monsterinsights_skip_tracking":false,"_monsterinsights_sitenote_active":false,"_monsterinsights_sitenote_note":"","_monsterinsights_sitenote_category":0,"footnotes":""},"class_list":["post-150","page","type-page","status-publish","hentry"],"acf":[],"_links":{"self":[{"href":"https:\/\/desidades.ufrj.br\/es\/wp-json\/wp\/v2\/pages\/150","targetHints":{"allow":["GET"]}}],"collection":[{"href":"https:\/\/desidades.ufrj.br\/es\/wp-json\/wp\/v2\/pages"}],"about":[{"href":"https:\/\/desidades.ufrj.br\/es\/wp-json\/wp\/v2\/types\/page"}],"author":[{"embeddable":true,"href":"https:\/\/desidades.ufrj.br\/es\/wp-json\/wp\/v2\/users\/1"}],"replies":[{"embeddable":true,"href":"https:\/\/desidades.ufrj.br\/es\/wp-json\/wp\/v2\/comments?post=150"}],"version-history":[{"count":7,"href":"https:\/\/desidades.ufrj.br\/es\/wp-json\/wp\/v2\/pages\/150\/revisions"}],"predecessor-version":[{"id":2565,"href":"https:\/\/desidades.ufrj.br\/es\/wp-json\/wp\/v2\/pages\/150\/revisions\/2565"}],"wp:attachment":[{"href":"https:\/\/desidades.ufrj.br\/es\/wp-json\/wp\/v2\/media?parent=150"}],"curies":[{"name":"wp","href":"https:\/\/api.w.org\/{rel}","templated":true}]}}

Conselho Científico Nacional

<ul>
<li>Alfredo Veiga-Neto – Universidade Federal do Rio Grande do Sul, Brasil.</li>
<li>Alexandre Simão de Freitas – Universidade Federal de Pernambuco, Brasil.</li>
<li>Ana Cristina Coll Delgado &#8211; Universidade Federal de Pelotas, Brasil.</li>
<li>Ana Maria Monteiro &#8211; Universidade Federal do Rio de Janeiro, Brasil.</li>
<li>Angela Alencar de Araripe Pinheiro &#8211; Universidade Federal do Ceará, Brasil.</li>
<li>Angela Maria de Oliveira Almeida &#8211; Universidade de Brasilia, Brasil.</li>
<li>Anna Paula Uziel &#8211; Universidade Estadual do Rio de Janeiro, Brasil.</li>
<li>Carmem Lucia Sussel Mariano &#8211; Universidade Federal de Mato Grosso, Brasil.</li>
<li>Clarice Cassab &#8211; Universidade Federal de Juiz de Fora, Brasil.</li>
<li>Claudia Mayorga &#8211; Universidade Federal de Minas Gerais, Brasil.</li>
<li>Cristiana Carneiro &#8211; Universidade Federal do Rio de Janeiro, Brasil.</li>
<li>Diana Dadoorian &#8211; Universidade Federal do Rio de Janeiro, Brasil.</li>
<li>Dorian Monica Arpini &#8211; Universidade Federal de Santa Maria, Brasil.</li>
<li>Elisete Tomazetti &#8211; Universidade Federal de Santa Maria, Brasil.</li>
<li>Fernanda Costa-Moura &#8211; Universidade Federal do Rio de Janeiro, Brasil.</li>
<li>Flavia Pires &#8211; Universidade Federal da Paraíba, Brasil.</li>
<li>Gizele de Souza &#8211; Universidade Federal do Paraná, Brasil.</li>
<li>Heloísa Helena Pimenta Rocha &#8211; Universidade Estadual de Campinas, Brasil.</li>
<li>Iolete Ribeiro da Silva &#8211; Universidade Federal do Amazonas, Brasil.</li>
<li>Jader Janer Moreira Lopes &#8211; Universidade Federal Fluminense, Brasil.</li>
<li>Jaileila de Araújo Menezes &#8211; Universidade Federal de Pernambuco, Brasil.</li>
<li>Jailson de Souza e Silva &#8211; Universidade Federal Fluminense, Brasil.</li>
<li>Jane Felipe Beltrão &#8211; Universidade Federal do Pará, Brasil.</li>
<li>Juarez Dayrell &#8211; Universidade Federal de Minas Gerais, Brasil.</li>
<li>Juliana Prates Santana &#8211; Universidade Federal da Bahia, Brasil.</li>
<li>Leandro de Lajonquière &#8211; Universidade de São Paulo, Brasil/Université Paris 8 Vincennes Saint-Denis</li>
<li>Leila Maria Amaral Ribeiro &#8211; Universidade Federal do Rio de Janeiro, Brasil.</li>
<li>Lila Cristina Xavier Luz &#8211; Universidade Federal do Piauí, Brasil.</li>
<li>Marcos Cezar de Freitas &#8211; Universidade Federal de São Paulo, Brasil.</li>
<li>Marcos Ribeiro Mesquita &#8211; Universidade Federal de Alagoas, Brasil.</li>
<li>Maria Alice Nogueira &#8211; Universidade Federal de Minas Gerais, Brasil.</li>
<li>Maria Aparecida Morgado &#8211; Universidade Federal de Mato Grosso, Brasil.</li>
<li>Maria Cristina Soares de Gouvea &#8211; Universidade Federal de Minas Gerais, Brasil.</li>
<li>Maria Helena Oliva Augusto &#8211; Universidade de São Paulo, Brasil.</li>
<li>Maria Ignez Costa Moreira &#8211; Pontifícia Universidade Católica de Minas Gerais, Brasil.</li>
<li>Maria Letícia Nascimento &#8211; Universidade de São Paulo, Brasil.</li>
<li>Maria Lucia Pinto Leal &#8211; Universidade de Brasília, Brasil.</li>
<li>Marlos Alves Bezerra &#8211; Universidade Federal do Rio Grande do Norte, Brasil.</li>
<li>Marta Rezende Cardoso &#8211; Universidade Federal do Rio de Janeiro, Brasil.</li>
<li>Mirela Figueiredo Iriart &#8211; Universidade Estadual de Feira de Santana, Brasil.</li>
<li>Myriam Moraes Lins de Barros &#8211; Universidade Federal do Rio de Janeiro, Brasil.</li>
<li>Nair Teles &#8211; Fundação Oswaldo Cruz/Universidade Eduardo Mondlane, Brasil.</li>
<li>Patrícia Pereira Cava &#8211; Universidade Federal de Pelotas, Brasil.</li>
<li>Rita de Cassia Fazzi &#8211; Pontifícia Universidade Católica de Minas Gerais, Brasil.</li>
<li>Rita de Cassia Marchi &#8211; Universidade Regional de Blumenau, Brasil.</li>
<li>Rosa Maria Bueno Fischer &#8211; Universidade Federal do Rio Grande do Sul, Brasil.</li>
<li>Rosângela Francischini &#8211; Universidade Federal do Rio Grande do Norte, Brasil.</li>
<li>Silvia Pereira da Cruz Benetti &#8211; Universidade do Vale do Rio dos Sinos, Brasil.</li>
<li>Solange Jobim e Sousa &#8211; Pontifícia Universidade Católica do Rio de Janeiro, Brasil.</li>
<li>Sonia Margarida Gomes Sousa &#8211; Pontifícia Universidade Católica de Goiás, Brasil.</li>
<li>Telma Regina de Paula Souza &#8211; Universidade Metodista de Piracicaba, Brasil.</li>
<li>Vera Maria Ramos de Vasconcellos &#8211; Universidade Estadual do Rio de Janeiro, Brasil.</li>
<li>Veronica Salgueiro do Nascimento &#8211; Universidade Federal do Ceará, Brasil.</li>
</ul>

<p>Alfredo Veiga-Neto – Universidade Federal do Rio Grande do Sul, Brasil. Alexandre Simão de Freitas – Universidade Federal de Pernambuco, Brasil. Ana Cristina Coll Delgado &#8211; Universidade Federal de Pelotas, Brasil. Ana Maria Monteiro &#8211; Universidade Federal do Rio de Janeiro, Brasil. Angela Alencar de Araripe Pinheiro &#8211; Universidade Federal do Ceará, Brasil. Angela Maria [&hellip;]</p>
