{"id":178,"date":"2013-11-26T19:48:13","date_gmt":"2013-11-26T19:48:13","guid":{"rendered":"https:\/\/desidades.ufrj.br\/desidades_dev\/?page_id=178"},"modified":"2025-04-04T18:21:05","modified_gmt":"2025-04-04T21:21:05","slug":"equipo-editorial","status":"publish","type":"page","link":"https:\/\/desidades.ufrj.br\/es\/equipo-editorial\/","title":{"rendered":"Equipo Editorial"},"content":{"rendered":"\r\n<h2>Editora Jefe<\/h2>\r\n<ul>\r\n<li>Lucia Rabello de Castro <i>&#8211; Universidade Federal do Rio de Janeiro, UFRJ, Brasil<\/i><\/li>\r\n<\/ul>\r\n<h2>Co-Editoras<\/h2>\r\n<ul>\r\n<li>Renata Alves Monteiro <i>&#8211; Universidade Federal Fluminense, UFF, Brasil<\/i><\/li>\r\n<li>Sonia Borges Cardoso de Oliveira <i>&#8211; N\u00facleo Interdisciplinar de Pesquisa para a Inf\u00e2ncia e Adolesc\u00eancia Contempor\u00e2neas, NIPIAC, UFRJ, Brasil<\/i><\/li>\r\n<\/ul>\r\n<h2>Editores Asociados<\/h2>\r\n<ul>\r\n<li>Andrea Szulc <i>\u2013 Universidad de Buenos Aires, UBA, Argentina<\/i><\/li>\r\n<li>Ant\u00f4nio C\u00e9sar de Holanda dos Santos <i>&#8211; Universidade Federal de Alagoas, UFAL, Brasil<\/i><\/li>\r\n<li>Felipe Salvador Grisolia\u00a0<i>\u2013 Universidade do Estado do Rio de Janeiro, UERJ, Brasil<\/i><\/li>\r\n<li>Juliana Siqueira de Lara <i>&#8211; Universidade Federal do Rio de Janeiro, UFRJ, Brasil<\/i><\/li>\r\n<li>Lucia Isabel da Concei\u00e7\u00e3o Silva <i>\u2013 Universidade Federal do Par\u00e1, UFPA, Brasil<\/i><\/li>\r\n<li>Maria Celeste Hern\u00e1ndez <i>\u2013 Universidad Nacional de La Plata, Argentina<\/i><\/li>\r\n<li>Renata Tomaz <i>&#8211; Funda\u00e7\u00e3o Get\u00falio Vargas, FGV, Brasil<\/i><\/li>\r\n<li>Roseane Amorim da Silva \u2013 Universidade Federal Rural de Pernambuco, UFRPE, Brasil<\/i><\/li> \r\n<li>Sabrina Dal Ongaro Savegnago <i>&#8211; Universidade do Estado do Rio de Janeiro, UERJ, Brasil<\/i><\/li>\r\n<\/ul>\r\n<h2>Consejo Editorial<\/h2>\r\nEl <b>Consejo Editorial<\/b> est\u00e1 compuesto por la Editora, Co-Editoras y Editores Asociados.\r\n<h2>Editores Asistentes<\/h2>\r\n<ul>\r\n<li>Adelaide Rezende de Souza <i>&#8211; Universidade do Estado do Rio de Janeiro, UERJ, Brasil<\/i><\/li>\r\n<li>Erica dos Santos Vieira \u2013 Universidade Federal do Rio de Janeiro, UFRJ, Brasil<\/i><\/li>\r\n<li>Karima Oliva Bello <i>&#8211; Universidad Veracruzana, UV, M\u00e9xico<\/i><\/li>\r\n<li>Paula Pimentel Tumolo <i>&#8211; Universidade Federal do Rio de Janeiro, UFRJ, Brasil<\/i><\/li>\r\n<li>Renata Tavares da Silva Guimar\u00e3es <i>&#8211; Universidade Federal do Rio de Janeiro, UFRJ, Brasil<\/i><\/li>\r\n<li>Sofia Hengen <i>&#8211; Universidade Federal do Rio de Janeiro, UFRJ, Brasil<\/i><\/li>\r\n<\/ul>\r\n<h2>Equipo T\u00e9cnico<\/h2>\r\n<ul>\r\n<li>Ana Leticia Lima Silva<i>\u2013 Universidade Federal do Rio de Janeiro, UFRJ, Brasil<\/i><\/li>\r\n<li>Davi Alves de Abreu<i>\u2013 Universidade Federal do Rio de Janeiro, UFRJ, Brasil<\/i><\/li>\r\n<li>Flavia Pereira Chrispino<i>\u2013 Universidade Federal do Rio de Janeiro, UFRJ, Brasil <\/i><\/li>\r\n<li>Giesela Maria Sch\u00f5pke Marques Talon<i> &#8211; Universidade Federal do Rio de Janeiro, UFRJ, Brasil<\/i><\/li>\r\n<li>Julia Junqueira Castillo<i>&#8211; Universidade Federal do Rio de Janeiro, UFRJ, Brasil<\/i><\/li>\r\n<li>Lara de Oliveira Moreira<i>\u2013 Universidade Federal do Rio de Janeiro, UFRJ, Brasil<\/i><\/li>\r\n<li>Pedro S\u00e1 Campello Queiroz <i>&#8211; Universidade Federal do Rio de Janeiro, UFRJ, Brasil<\/i><\/li>\r\n<li>Sofia Mitie Kamashiro Manzatto<i>&#8211; Universidade Federal do Rio de Janeiro, UFRJ, Brasil<\/i><\/li>\r\n<\/ul>\r\n<h2>Revisi\u00f3n T\u00e9cnica<\/h2>\r\n<ul>\r\n<li>Dan\u00fabia de Paula Oliveira<i> &#8211; lengua portuguesa\u00a0<\/i><\/li>\r\n<li>Ana Carolina Henriques<i> &#8211; lengua espa\u00f1ola<\/i><\/li>\r\n<\/ul>\r\n<h2>Traductoras<\/h2>\r\n<ul>\r\n<li>Flavia Ferreira dos Santos <i>&#8211; Universidade Federal do Rio de Janeiro, UFRJ, Brasil<\/i><\/li>\r\n<li>Karima Oliva Bello <i>&#8211; Universidad Veracruzana, UV, M\u00e9xico<\/i><\/li>\r\n<li>Sofia Hengen <i>&#8211; Universidade Federal do Rio de Janeiro, UFRJ, Brasil<\/i><\/li>\r\n<\/ul>\r\n","protected":false},"excerpt":{"rendered":"<p>Editora Jefe Lucia Rabello de Castro &#8211; Universidade Federal do Rio de Janeiro, UFRJ, Brasil Co-Editoras Renata Alves Monteiro &#8211; Universidade Federal Fluminense, UFF, Brasil Sonia Borges Cardoso de Oliveira &#8211; N\u00facleo Interdisciplinar de Pesquisa para a Inf\u00e2ncia e Adolesc\u00eancia Contempor\u00e2neas, NIPIAC, UFRJ, Brasil Editores Asociados Andrea Szulc \u2013 Universidad de Buenos Aires, UBA, Argentina [&hellip;]<\/p>\n","protected":false},"author":1,"featured_media":0,"parent":0,"menu_order":0,"comment_status":"closed","ping_status":"closed","template":"","meta":{"_acf_changed":false,"_monsterinsights_skip_tracking":false,"_monsterinsights_sitenote_active":false,"_monsterinsights_sitenote_note":"","_monsterinsights_sitenote_category":0,"footnotes":""},"class_list":["post-178","page","type-page","status-publish","hentry"],"acf":[],"_links":{"self":[{"href":"https:\/\/desidades.ufrj.br\/es\/wp-json\/wp\/v2\/pages\/178","targetHints":{"allow":["GET"]}}],"collection":[{"href":"https:\/\/desidades.ufrj.br\/es\/wp-json\/wp\/v2\/pages"}],"about":[{"href":"https:\/\/desidades.ufrj.br\/es\/wp-json\/wp\/v2\/types\/page"}],"author":[{"embeddable":true,"href":"https:\/\/desidades.ufrj.br\/es\/wp-json\/wp\/v2\/users\/1"}],"replies":[{"embeddable":true,"href":"https:\/\/desidades.ufrj.br\/es\/wp-json\/wp\/v2\/comments?post=178"}],"version-history":[{"count":43,"href":"https:\/\/desidades.ufrj.br\/es\/wp-json\/wp\/v2\/pages\/178\/revisions"}],"predecessor-version":[{"id":4578,"href":"https:\/\/desidades.ufrj.br\/es\/wp-json\/wp\/v2\/pages\/178\/revisions\/4578"}],"wp:attachment":[{"href":"https:\/\/desidades.ufrj.br\/es\/wp-json\/wp\/v2\/media?parent=178"}],"curies":[{"name":"wp","href":"https:\/\/api.w.org\/{rel}","templated":true}]}}

<h2>Editora Jefe</h2>
<ul>
<li>Lucia Rabello de Castro <i>&#8211; Universidade Federal do Rio de Janeiro, UFRJ, Brasil</i></li>
</ul>
<h2>Co-Editoras</h2>
<ul>
<li>Renata Alves Monteiro <i>&#8211; Universidade Federal Fluminense, UFF, Brasil</i></li>
<li>Sonia Borges Cardoso de Oliveira <i>&#8211; Núcleo Interdisciplinar de Pesquisa para a Infância e Adolescência Contemporâneas, NIPIAC, UFRJ, Brasil</i></li>
</ul>
<h2>Editores Asociados</h2>
<ul>
<li>Andrea Szulc <i>– Universidad de Buenos Aires, UBA, Argentina</i></li>
<li>Antônio César de Holanda dos Santos <i>&#8211; Universidade Federal de Alagoas, UFAL, Brasil</i></li>
<li>Felipe Salvador Grisolia <i>– Universidade do Estado do Rio de Janeiro, UERJ, Brasil</i></li>
<li>Juliana Siqueira de Lara <i>&#8211; Universidade Federal do Rio de Janeiro, UFRJ, Brasil</i></li>
<li>Lucia Isabel da Conceição Silva <i>– Universidade Federal do Pará, UFPA, Brasil</i></li>
<li>Maria Celeste Hernández <i>– Universidad Nacional de La Plata, Argentina</i></li>
<li>Renata Tomaz <i>&#8211; Fundação Getúlio Vargas, FGV, Brasil</i></li>
<li>Roseane Amorim da Silva – Universidade Federal Rural de Pernambuco, UFRPE, Brasil</i></li> 
<li>Sabrina Dal Ongaro Savegnago <i>&#8211; Universidade do Estado do Rio de Janeiro, UERJ, Brasil</i></li>
</ul>
<h2>Consejo Editorial</h2>
El <b>Consejo Editorial</b> está compuesto por la Editora, Co-Editoras y Editores Asociados.
<h2>Editores Asistentes</h2>
<ul>
<li>Adelaide Rezende de Souza <i>&#8211; Universidade do Estado do Rio de Janeiro, UERJ, Brasil</i></li>
<li>Erica dos Santos Vieira – Universidade Federal do Rio de Janeiro, UFRJ, Brasil</i></li>
<li>Karima Oliva Bello <i>&#8211; Universidad Veracruzana, UV, México</i></li>
<li>Paula Pimentel Tumolo <i>&#8211; Universidade Federal do Rio de Janeiro, UFRJ, Brasil</i></li>
<li>Renata Tavares da Silva Guimarães <i>&#8211; Universidade Federal do Rio de Janeiro, UFRJ, Brasil</i></li>
<li>Sofia Hengen <i>&#8211; Universidade Federal do Rio de Janeiro, UFRJ, Brasil</i></li>
</ul>
<h2>Equipo Técnico</h2>
<ul>
<li>Ana Leticia Lima Silva<i>– Universidade Federal do Rio de Janeiro, UFRJ, Brasil</i></li>
<li>Davi Alves de Abreu<i>– Universidade Federal do Rio de Janeiro, UFRJ, Brasil</i></li>
<li>Flavia Pereira Chrispino<i>– Universidade Federal do Rio de Janeiro, UFRJ, Brasil </i></li>
<li>Giesela Maria Schõpke Marques Talon<i> &#8211; Universidade Federal do Rio de Janeiro, UFRJ, Brasil</i></li>
<li>Julia Junqueira Castillo<i>&#8211; Universidade Federal do Rio de Janeiro, UFRJ, Brasil</i></li>
<li>Lara de Oliveira Moreira<i>– Universidade Federal do Rio de Janeiro, UFRJ, Brasil</i></li>
<li>Pedro Sá Campello Queiroz <i>&#8211; Universidade Federal do Rio de Janeiro, UFRJ, Brasil</i></li>
<li>Sofia Mitie Kamashiro Manzatto<i>&#8211; Universidade Federal do Rio de Janeiro, UFRJ, Brasil</i></li>
</ul>
<h2>Revisión Técnica</h2>
<ul>
<li>Danúbia de Paula Oliveira<i> &#8211; lengua portuguesa </i></li>
<li>Ana Carolina Henriques<i> &#8211; lengua española</i></li>
</ul>
<h2>Traductoras</h2>
<ul>
<li>Flavia Ferreira dos Santos <i>&#8211; Universidade Federal do Rio de Janeiro, UFRJ, Brasil</i></li>
<li>Karima Oliva Bello <i>&#8211; Universidad Veracruzana, UV, México</i></li>
<li>Sofia Hengen <i>&#8211; Universidade Federal do Rio de Janeiro, UFRJ, Brasil</i></li>
</ul>

<p>Editora Jefe Lucia Rabello de Castro &#8211; Universidade Federal do Rio de Janeiro, UFRJ, Brasil Co-Editoras Renata Alves Monteiro &#8211; Universidade Federal Fluminense, UFF, Brasil Sonia Borges Cardoso de Oliveira &#8211; Núcleo Interdisciplinar de Pesquisa para a Infância e Adolescência Contemporâneas, NIPIAC, UFRJ, Brasil Editores Asociados Andrea Szulc – Universidad de Buenos Aires, UBA, Argentina [&hellip;]</p>
